(11 + -7 - 1))).
-5
What is 27 + 16 - (19 + (-4 - 8))?
36
What is (63 - 69) + (-1 - 7) - (4 + -9)?
-9
What is the value of 10 - 4 - (4 - 2) - 16?
-12
What is 21 - (-7 - -36) - (9 + 3)?
-20
Evaluate 5 + (-12 - 9) - -13.
-3
Calculate (15 - 1 - -2) + -23.
-7
5 + -20 + 23 + 1
9
What is -2 + -25 + 9 - -14?
-4
What is the value of -8 + -5 + -7 + 8 + 0?
-12
Calculate -87 + (147 - 76) - (1 - (-1 - -8)).
-10
What is -16 + -9 + (-7 - -26) + -2?
-8
Evaluate 22 - -11 - 85 - (-15 - 1).
-36
What is the value of 9 - (16 + -20) - (-4 - -24)?
-7
What is (-10 - (15 - 9) - (0 - -5)) + 7?
-14
Calculate -32 + (21 - -24) - -3.
16
What is the value of -4 + -3 + (35 - 30 - -12)?
10
What is the value of (0 - 13) + -42 + 16 + 29?
-10
15 + 8 + -18 + 3 + 12
20
-4 + 8 - -6 - 21
-11
Calculate 16 + (12 - 37) - (-6 + -3).
0
(41 - -1) + -14 + -15
13
-27 + (-34 - -54) - 17
-24
What is 6 + 10 + -17 - -10 - 6?
3
Calculate 5 + (-16 - (-17 + 6)) - (1 + 1).
-2
Calculate (-22 - -30) + 0 + -1.
7
3 + 9 - ((39 - 28) + -2)
3
Evaluate -8 + (23 - (-5 + 13 + -3)).
10
-40 - -26 - -41 - 10
17
What is the value of -2 + 1 - -10 - (5 - (11 + -6))?
9
19 + -5 + 3 - (-18 + 44)
-9
(-1 - -29) + -5 + 12 + (7 - 17)
25
-16 + (-23 - -44) - (-2 + -2)
9
What is (1 + 4 - (-1 - -2)) + -16 + 20?
8
What is the value of 9 + -42 - (13 - 34)?
-12
Calculate (-38 - 37) + (46 - 0).
-29
Calculate -6 - (-74 - -24 - -19).
25
Calculate (48 - 76) + (37 - 21).
-12
14 - (9 + (4 + 4 - 14) + 3)
8
Calculate 2 + 0 - ((-5 - 4) + 17).
-6
What is 54 - (18 - -9) - 28?
-1
Evaluate 3 + -23 + 27 + (2 - (-4 - -27)).
-14
Calculate -15 - (-31 + (16 - 4) + 29).
-25
Calculate -3 - ((1 - 14) + 15 + -15).
10
What is the value of (12 - (10 - (16 - 19))) + 9?
8
What is 13 + (0 - (0 - 0) - (-56 + 56))?
13
What is -112 - -104 - (5 + -22)?
9
Calculate (-5 + 7 + -1 - 5) + -5 + 3.
-6
Calculate -3 + 7 + 0 - -4.
8
What is 5 + (3 - 9) + -5 + 17?
11
Calculate 12 - (9 - 11 - (-4 + 9 - 4)).
15
Calculate (144 - 128) + (-1 - 12).
3
118 + -116 + 8 + -2
8
What is 28 + (-4 - 4) + -19 - (-14 - 0)?
15
Calculate (3 - -2) + (-17 - -12) - -4.
4
What is the value of 10 - (12 + -5 + 1 + -5)?
7
What is -15 + 1 + (-40 - -52) - -24?
22
Calculate 10 + -21 + -8 - -12.
-7
What is the value of -13 + 1 - (28 - (69 + -51))?
-22
What is the value of (-1 - 0) + -3 + 0 + (80 - 75)?
1
Evaluate -3 + (-4 - (-23 - -10)) + 9.
15
Calculate 23 + (-15 - (8 - 18)) + 0 + 0.
18
What is the value of 35 + -14 - (11 - -3)?
7
What is the value of -44 - (-13 + (17 - 31))?
-17
Evaluate -8 - (-12 - (-12 + -4)).
-12
Evaluate -2 - -1 - (49 - 57).
7
Calculate 52 + 40 + -42 + -23.
27
Evaluate -23 + (-2 - 31) + 32.
-24
What is the value of -12 + 88 + -93 + (0 - -10)?
-7
What is the value of 7 + -20 + 7 - -9 - 3 - -7?
7
What is the value of (0 - 0) + -11 - (-489 - -468) - -20?
30
Calculate -31 - (-32 + 3) - 8.
-10
Calculate (-1 - (-4 - -5 - 3)) + -4.
-3
Calculate 18 - (16 + (2 - -5)).
-5
Calculate -4 + (-11 - (-4 + -3)) - -3 - 8.
-13
What is 35 + (-37 - -23) + -4?
17
Evaluate 1 + -15 + (136 - 130) - -8.
0
(48 + 1 - 13) + 0 + -15
21
Evaluate (0 - -6 - (27 - 18)) + -3.
-6
What is the value of -3 - (9 - (9 - -3)) - 4?
-4
18 - (6 + 12 + -29)
29
What is the value of (-2 - (2 - 13)) + -2?
7
What is -19 + -1 + (57 - (61 + 11))?
-35
2 + (3 - -3) - 26
-18
Evaluate (-14 - -15) + 32 - (4 + (2 - 2)).
29
What is (-4 - -12) + 3 + 1?
12
Evaluate -8 + 0 + 1 - (-24 - -7 - -25).
-15
(1 + -10 - (-66 + 56) - -21) + 4
26
Calculate 154 + -149 - (-3 - -26 - -4).
-22
What is the value of (-7 - -13 - 16) + -3 + (31 - 28)?
-10
What is 0 + 8 + -5 + 6 + (-13 - -5)?
1
Evaluate (26 - 20) + -29 + 39.
16
20 - (-25 - -36 - 15)
24
What is the value of -190 - -181 - (-2 - -2 - -12)?
-21
Calculate (-24 + 20 - 2) + 21 + -2.
13
Evaluate 3 + (-20 - 1 - (-12 - -4)).
-10
What is -25 + (1 + 10 - 3) - -5?
-12
What is 15 - (-9 - (-10 + 1))?
15
What is the value of 3 + 3 - 8 - -14 - 26?
-14
What is the value of -1 + -2 + -2 - (48 + -32 + -12)?
-9
What is the value of 4 - 1 - (-2 - (-2 + (-11 - 1)))?
-9
What is 3 + -15 + -6 - -5?
-13
60 - (-27 + 85 + -27)
29
29 + (-6 - -7) + -11 - 8
11
Evaluate -11 - (-3 + (5 - 7) + 7).
-13
What is 9 + (-6 + -2 - (-6 + 5 + 4))?
-2
Calculate 11 - ((29 - 1) + 1).
-18
-17 + -14 + (-7 - -18)
-20
What is the value of -6 - (-19 - (-2 + -7 + 3))?
7
Calculate (-36 - -39) + (2 - (-3 + 5) - 0).
3
Evaluate -11 + 27 + 8 - 20.
4
9 - 2 - 2 - (-1 - -2)
4
8 - ((8 - -25) + -6 - 5)
-14
What is (27 - (-14 + 42)) + -10?
-11
-25 + (-39 - -73) - -24
33
86 - 84 - (5 + (-4 - -3))
-2
What is the value of (-15 + 0 + -2 - 0) + 15?
-2
What is the value of 3 + (3 - 5) + 0 - (-31 - -24)?
8
2 - ((-18 - -33) + -13 + -7)
7
What is -17 + 0 - (-17 - (-2 - (10 - -6)))?
-18
Evaluate 24 - (8 - (-6 + 0)).
10
Evaluate -10 - (-327 + 275 - (-1 + -17)).
24
Calculate 23 + -1 - (-159 + 192).
-11
Evaluate 9 + (2 - 0) - (8 - 5) - -1.
9
What is -34 - (-64 + (17 - 6))?
19
What is the value of (-7 - -1) + -20 + 31?
5
Calculate -1 + -20 + (10 - (-1 + -6 - -14)).
-18
Evaluate 24 + (13 - (63 - 8)).
-18
What is the value of (-1 - -20) + (-153 - -143) - -14?
23
What is 5 + (-11 - (-25 - -11)) + (0 - 3)?
5
Evaluate -29 - (-9 - (-9 - (-4 + -3))).
-22
What is (0 + 6 - 7) + 5 - (0 + 3)?
1
What is -12 + -7 + 5 + 4 + 11?
1
What is (13 - 12 - 6) + 6?
1
What is (207 - 202) + (-3 - (-8 + -1 - 0))?
11
What is the value of 10 + (-10 + 14 - 17) + -13?
-16
7 - (-1 - -11 - (-30 - -26))
-7
6 + (-3 - (2 - -3) - 2)
-4
What is -40 + -1 - (145 + -158)?
-28
Calculate 21 - 43 - (-1 + 14 + -12).
-23
2 + -24 + 21 - (10 - 0)
-11
(0 - -9) + -468 + 465
6
-2 + (-1 - 16) - (-35 - (3 - 40))
-21
(-2 - (-21 - 2)) + (12 + -17 - 1)
15
5 + -5 - -31 - 40
-9
What is the value of (-2 - (-1 + -3 - -6)) + 0?
-4
Calculate -16 + 1 - (-14 + 14 - (0 + -1)).
-16
19 + (-3 - 1) + 54 + -50
19
What is 24 + -102 + 55 - (-14 + 1)?
-10
Calculate (-33 - (38 + -62)) + (0 + 2 - 2).
-9
What is the value of -1 + 3 + -2 + (129 - 133)?
-4
Calculate 7 - (0 + -1 + (-57 - -7) + 44).
14
Evaluate 4 + -10 + 16 + -22 + 1 + -2.
-13
Evaluate (15 - 24) + (1 - 6) + -3.
-17
7 + -44 + (62 - 21) + (-36 - -1)
-31
What is the value of 461 - 450 - (-1 - (3 + -2 + 0))?
13
-58 + 2 + 30 + 52
26
What is -18 + (1 - -3 - (13 + -11))?
-16
Evaluate 11 + (10 - 7) - (-20 + 15).
19
Calculate -42 + (2 - 3 - -10) - (-20 + 26).
-39
What is the value of -13 + 3 - -5 - 6?
-11
Calculate -13 + 44 - (2 + 3 + (0 - -1)).
25
What is the value of 27 - (14 - (12 - (-11 + 10)))?
26
Calculate (20 - (0 + -6 + 4)) + -12.
10
Calculate -3 + -4 - (-17 + 32).
-22
What is the value of (0 - -2) + -241 + 246?
7
Evaluate -8 + (-45 - -40) + 0 + 8.
-5
What is the value of -6 + -10 + (10 - 1) + (19 - -1)?
13
-24 + -17 + 21 + 9
-11
What is the value of 10 - ((378 - 369) + -2 + 0 + 0)?
3
Evaluate -27 + 23 + (-6 - (-2 + 6 + -2)).
-12
Evaluate 4 + 8 + 9 - 10 - 1.
10
(-1 + -32 - 0 - (3056 - 3055)) + -5
-39
9 + (19 + -12 - -3 - 0)
19
What is the value of -7 + (17 + -9 - (-1 + 8))?
-6
19 + -36 - (-18 - -4)
-3
What is the value of 1 + -3 + -2 - 1 - 6?
-11
(-23 + -18 - -18) + -16
-39
Evaluate 2 + -5 + 24 + -46.
-25
-10 - (-35 - (-6 - 13))
6
-10 - ((14 - 1) + (5 - 9)) - 5
-24
Calculate 25 + (19 - 82) - -30.
-8
Evaluate -20 + (26 - (-6 - -25)).
-13
Evaluate (-10 - (-19 - -11 - (4 - -1))) + 9.
12
Calculate (-17 + -10 - -12) + (-5 - (-1 - 0)).
-19
Evaluate -5 - ((14 - 3) + -9 - -6).
-13
Evaluate -7 - 7 - (-44 + 25).
5
What is (5 - 1) + -56 + -1 + 77?
24
Calculate 0 + (-4 - (3 - -3)) - (-12 - -4).
-2
Evaluate -117 - -115 - ((-10 - 1) + 2).
7
What is (1 - (-3 + 2)) + (15 - (30 - 8))?
-5
Evaluate -28 + 39 + -14 + -19.
-22
What is the value of 13 + -40 + 19 + 5 + 1?
-2
What is (-9 - -17 - 8 - (-1 - 6)) + -25?
-18
What is the value of (6 + -6 - -5) + (-18 - -14)?
1
Calculate 8 + 8 + -4 - (-1 + 5).
8
-1275 + 1276 + (-2 - -2 - (1 - 8))
8
Calculate 9 + (-5 - 1) - (0 - -1 - 9).
11
What is (20 - 7) + -6 + 2 + 0?
9
(-7 + -32 - -40) + 10
11
Evaluate 5 + (-4 - -3) + (-2 - (4 + 0)).
-2
What is the value of 13 + -20 + 0 - -10 - -8?
11
Evaluate 13 + (-7 - 0) - 1.
5
What is the value of 18 + 3 + (-32 - 3)?
-14
-3 - (-1 + (9 - (0 - -5) - 17))
11
Evaluate -14 + 0 + 8 - -9 - 3.
0
Calculate 2 - (8 - ((-8 - -6) + 0 + -5)).
-13
What is the value of -30 + -14 + 24 + 1 + -14?
-33
What is the value of 4 - -1 -